**3 - 2*r**2 - 2*r + 4. Let m(f) = -3*f**3 - f**2 - 2*f + 4. Let n(w) = 5*m(w) - 4*s(w). Determine n(g).
-4
Let o(n) = 0*n**3 - 2 - 2*n**3 + 1 + 2*n**2 - n + 3. Let q be 6/(-15) - 7/(-5). Let r = q - -1. What is o(r)?
-8
Let b be (6/9)/((-4)/(-18)). Let v(h) be the first derivative of h**2 + 4. Give v(b).
6
Suppose s - 5 = -y, 5*y + 3 = -3*s + 20. Let c(k) = 3*k + 3*k - 5 - 5*k + 4*k**2 + 4. Calculate c(y).
4
Let z = -12 - -13. Let h(n) = -3*n**2 - 2*n + 1. What is h(z)?
-4
Let i = 2 - -2. Suppose -3 = -c + 3*s, -i*c - 2*s - 1 = 1. Let d(y) = -y + 2. Give d(c).
2
Let s(x) = 4*x - 5 + 9 - 6. Determine s(-4).
-18
Let a(n) = n**3 + 2*n**2 - 3*n - 2. Let d(i) = -2*i**2 - 4*i - 3. Suppose -4*w = -w - 12. Suppose 0 = 3*t - 5*t - w. Let r be d(t). Determine a(r).
-2
Let q be 1 + 2 - (-1 - 1). Let a(o) = 6*o**3 - 9*o**2 + 4. Let b(w) = -w**3 + w**2 - w - 1. Let s(x) = a(x) + 5*b(x). Determine s(q).
-1
Let b(p) be the second derivative of p**3/2 - 3*p**2/2 - 6*p. Determine b(3).
6
Let t(k) = -2*k**3 - 2*k**2 + k. Let a = 8 + -6. Suppose -a*c - 4 = -0*c. What is t(c)?
6
Suppose -2*u = -4*u - 3*x - 8, -5*x = 5*u + 25. Let j(m) = -m**2 - 6*m + 5. What is j(u)?
-2
Let j(v) be the first derivative of -v**2 + 4*v + 6. What is j(6)?
-8
Let q(t) be the second derivative of t**5/20 + 7*t**4/12 + t**3/3 - 3*t**2 + 46*t. Calculate q(-6).
18
Suppose -3*b - 12 = b. Let s = b + 4. Let p be s/3 + 8/(-6). Let v(x) = -x**3 + x**2 - 1. Determine v(p).
1
Let u(d) be the first derivative of d**4/4 - 2*d**3 + 3*d**2 - 3*d - 13. Determine u(5).
2
Suppose -10*p = 12 + 8. Let q(o) = 2*o**2 + 3*o + 1. Determine q(p).
3
Let p(s) = -s**3 - s**2 + 1. Let j be p(0). Let b(z) = -5*z**2 + 2*z - 1. What is b(j)?
-4
Let n(p) = p + 1. Let c(x) = -5*x - 6. Let i(o) = -c(o) - 6*n(o). Let d be i(2). Let g = d - 0. Let u(l) = l**3 + 4*l**2 + 3*l + 1. Give u(g).
3
Let y(u) be the third derivative of -u**5/3 + u**4/24 - 25*u**2. Calculate y(1).
-19
Let y(w) be the second derivative of -1/2*w**3 + 0*w**2 + 0 + 1/4*w**4 - 4*w. What is y(2)?
6
Let b(s) be the first derivative of 3*s**2/2 - s - 23. What is b(2)?
5
Let m(o) = 6*o**2 - 1. Let u(y) = 19*y**2 - 3. Let r(n) = -11*m(n) + 4*u(n). Determine r(-1).
9
Let b(p) = p**2 + 6*p + 3. Let m(h) = -h**3 + 23*h**2 - 23*h + 16. Let w be m(22). Calculate b(w).
3
Let u(i) = i**3 - 5*i**2 + 1. Let o(q) = q**3 + 5*q**2 + 5. Let l = -9 - -4. Let g be o(l). Give u(g).
1
Let o(l) = l + 1. Let v(h) = -h - 1. Let a(r) = 5*o(r) + v(r). Let p(s) = -s. Let b(q) = -a(q) - 5*p(q). Determine b(4).
0
Let c(s) be the second derivative of 2*s**3/3 + 19*s**2/2 + 9*s. Let f = 7 - 0. Let v(d) = -d - 6. Let p(w) = f*v(w) + 2*c(w). Determine p(0).
-4
Let n(q) = -5 + 7 + 5 - q**2 + 7*q**2 - 2*q - q**3. Determine n(6).
-5
Let u(g) = -g**3 + g**2 - 1. Let c(i) be the first derivative of i**3/3 - 9*i**2/2 + 6*i - 3. Let y be c(8). Give u(y).
11
Let q(p) = p**3 - p**2 - 5. Let g be (0/3)/(-1 + 0). What is q(g)?
-5
Let x = 6 + -8. Let r(a) = a**3 - a**2 + 3*a + 3. Calculate r(x).
-15
Let x = -13 + 18. Let p = 5 + -3. Let j(q) = 2 - p*q**3 + q**3 + 5*q**2 - 1. Give j(x).
1
Let z = -14 - -13. Let x(g) = -5*g**2 + 1. Determine x(z).
-4
Let j(g) be the first derivative of -g**3/3 - g - 8. Let n(i) = 2*i**3 + 3*i**2 + 2. Let v(f) = 3*j(f) + n(f). Let q = 1 - 0. Give v(q).
1
Let c(q) be the second derivative of -q**3/2 - 3*q**2/2 + 14*q. Let l = -8 + 6. Calculate c(l).
3
Suppose 3*o - 6 = -2*a + 14, -5*o + a + 16 = 0. Let z(w) = -3 + 5*w**2 - 4*w**2 - 4*w**2 + w**3 + 2*w - w**2. Calculate z(o).
5
Let g be 2/(-2)*(5 - 5). Let k = 3 - g. Let h(n) = -1 + 3*n + 2*n - k*n. Calculate h(-2).
-5
Let o(g) = 6*g - 7. Let s(t) = 5*t - 6. Let b(n) = 6*o(n) - 7*s(n). Let c(z) = -7*z + 5. Let i(w) = 4*b(w) + c(w). Suppose -17 - 3 = -5*a. Calculate i(a).
-7
Let w(n) = 15*n**3 + 2*n**2 - 1. Let l be (-1)/((-3)/(-12)*-4). Give w(l).
16
Suppose -4*u + 8 = -3*u. Let j be (-3)/(1/u*-6). Let n(v) = -3 + 3 - 7*v**2 + j*v - 3*v. Determine n(1).
-6
Let u = -3 + 4. Let p(t) = t**2 - 4*t - 8. Let b be p(6). Let q(s) = b*s - 1 - s**2 + 0*s - 3*s. What is q(u)?
-1
Suppose 3*q + 2*q = h + 20, 5*q - 40 = 5*h. Let m be 2/(-6)*0 + 3. Let r(p) = -p**2 + 1. Let v(n) = -2*n**2 + n + 2. Let i(t) = m*r(t) - v(t). What is i(q)?
-11
Let o(t) = -t**3 + t**2 + t. Let n(y) = y**3 - 7*y**2 + 4*y - 8. Let s(q) = n(q) + 2*o(q). Determine s(-6).
-8
Let a(y) = 36*y + 35*y - 70*y. Let l = -1 - -2. Let m = l + -6. What is a(m)?
-5
Let r(l) = -2*l**2 - 3*l - 2. Suppose 9*n - 9 = -36. Calculate r(n).
-11
Let x(v) = v**3 - 5*v**2 + 6*v - 8. Let p(f) = f**3 - 4*f**2 + 6*f - 8. Let y(k) = -2*p(k) + 3*x(k). Calculate y(6).
-8
Let v(i) = 4*i**3 + 2*i**2 - i. Let j = 2 - 2. Let o be 1*(0 - (1 + j)). Let b be 0/o + 1/1. Give v(b).
5
Let z(r) = 3*r**2 + r. Let t = -15 - -13. Calculate z(t).
10
Let i(w) be the first derivative of w**2/2 - 1. Suppose -4*y - 54 = -42. Calculate i(y).
-3
Let q(a) = -4*a**2 + 3*a + 8. Let b(y) = -y**2 + y + 3. Let p(n) = 7*b(n) - 2*q(n). What is p(0)?
5
Suppose -2*q + 4 = -4. Let r(o) = o - 7. Calculate r(q).
-3
Let f be ((-4)/(-10))/((-5)/150). Let n = f + 13. Let p(c) = -8*c**2 - 2*c + 1. Calculate p(n).
-9
Let q(y) = 3*y - 3*y + y**2 - 2*y - 1 + 3*y. Let k be -4 + (-1)/(1/(-2)). What is q(k)?
1
Let u(v) = 3*v**3 + 7*v**2 - 12*v**3 + v + 3 + 10*v**3. Calculate u(-7).
-4
Let x(z) = 0 + 14*z**2 + 6 - 13*z**2 - 8*z. What is x(5)?
-9
Suppose 1 = -d - 0. Let s be 15/6 - d/(-2). Let w(u) = -2*u + s + 5 - 2*u**2 + u**2. Determine w(-5).
-8
Let s(x) be the third derivative of -5*x**4/24 + x**3/6 + x**2. Let d be (-47)/7 + 10/(-35). Let l = 6 + d. Calculate s(l).
6
Let h(x) be the second derivative of 11*x**5/20 - x**3/6 + x**2/2 - 7*x. Suppose -8*c + 5 = -3*c. Determine h(c).
11
Let n(w) = -5 + 3 + 2*w + 2*w**2 - w**2. Let q(s) = 2*s - 10. Let r be q(9). Suppose 7*h - 2 = r*h. Calculate n(h).
-2
Let p(c) = -c**3. Let v = 51 + -53. Calculate p(v).
8
Suppose -5*a + a = 0. Let k(m) = 11 - 6*m + m**2 - 12 + 5*m. Give k(a).
-1
Let m(v) = 3*v**2 + 11*v - 3. Let x(f) = 4*f**2 + 16*f - 4. Let j(r) = -7*m(r) + 5*x(r). Determine j(4).
-3
Let u = 90 + -88. Let g(i) = -3*i - 1. What is g(u)?
-7
Let c = -3 + 5. Suppose 0 = -c*t + 6*t + 4. Let a(f) = 4*f + 1. What is a(t)?
-3
Suppose 7*h - 2*h = 0. Let k(g) = -3 + h*g**2 + 0*g**2 + g - g**2 - g**3. Suppose -5*v = 4*y - 4*v - 2, 4*y - v = -2. Give k(y).
-3
Suppose -l = -4 + 2. Let o(u) = -143 + 143 + u**3 + u**l. What is o(2)?
12
Suppose 0 = -3*c + 5*q - 23, -5*c + 3*q + q - 21 = 0. Let p = -3 - c. Let k(h) = -3*h + 3 - 3 - h**2 - 1. Give k(p).
1
Let l(u) = -u**3 + u - 2. Let c be (4/28 - (-18)/21)*0. Calculate l(c).
-2
Let f(m) be the third derivative of -m**4/12 - m**3/2 - 7*m**2. Let b be ((-4)/3)/(2/6). What is f(b)?
5
Let y(b) be the second derivative of b**4/6 + b**3/6 - b**2/2 - 5*b. Let j be y(-2). Let q(s) = -2*s + 7. Calculate q(j).
-3
Let s = -65 - -67. Let t(r) be the first derivative of -1/3*r**3 + 7/2*r**s - 9*r + 2. Calculate t(6).
-3
Let n(g) = -g**3 - 4*g**2 + 5*g - 1. Let l be n(-5). Let a(i) be the second derivative of i**4/2 - i**3/6 - 16*i. Determine a(l).
7
Let m(w) = 20*w**2 - 3*w + 3. Let r(q) = -41*q**2 + 7*q - 7. Let n(u) = -5*m(u) - 2*r(u). Determine n(1).
-18
Suppose -l + 4 - 1 = -3*a, 12 = a + 4*l. Let i(k) = -k + 7. Give i(a).
7
Let u(v) = 0 + 1 + 37*v + v**3 - 34*v + 4*v**2. What is u(-2)?
3
Let v(m) = -5*m**2 + m - 1. Let d(z) = 11*z**2 - 2*z + 3. Let s(h) = 4*d(h) + 9*v(h). Determine s(3).
-3
Let h(s) = 3*s**2 - 8*s + 15. Let a(m) = -m**2 + 4*m - 7. Let u(d) = -5*a(d) - 2*h(d). Calculate u(-5).
0
Let x(t) = -2*t**3 + 3*t**2 - 2*t + 1. Let o(h) = -2*h - 2. Let s be o(5). Let b = 14 + s. Determine x(b).
-7
Let q(m) = 2*m - 4. Let k(u) = -3*u + 3. Let f(p) = -3*k(p) - 4*q(p). Let d = 4 - 9. Calculate f(d).
2
Let b(p) be the first derivative of 1 + 5*p - 7/2*p**2 + 2/3*p**3. Let d = 83 - 79. What is b(d)?
9
Let c(f) = 0 + f**2 - 1 - f**2 + f - f**3. What is c(0)?
-1
Let p(w) be the third derivative of w**4/24 - w**3/3 + w**2. Let i be (-4)/(-16) + 253/44 - 9. Calculate p(i).
-5
Let x(h) = -7*h**2 + 4*h - 7. Let w(o) = -13*o**2 + 7*o - 13. Suppose 4*t = 5*v - 29, -4*v + v + 3 = 0. Let f(a) = t*w(a) + 11*x(a). Calculate f(-3).
4
Let t(q) be the first d